er when 649494 is divided by 818?
2
What is the remainder when 201901 is divided by 193?
23
What is the remainder when 25104 is divided by 24158?
946
Calculate the remainder when 477548 is divided by 1148.
1128
What is the remainder when 922296 is divided by 3507?
3462
What is the remainder when 2265147 is divided by 74?
7
What is the remainder when 6444892 is divided by 13?
12
Calculate the remainder when 762563 is divided by 236.
47
Calculate the remainder when 1617114 is divided by 152.
138
Calculate the remainder when 3382731 is divided by 1142.
127
Calculate the remainder when 5023280 is divided by 2429.
108
Calculate the remainder when 28148201 is divided by 5629640.
1
Calculate the remainder when 23919801 is divided by 402.
399
What is the remainder when 4796212 is divided by 4321?
4223
Calculate the remainder when 18618445 is divided by 16.
13
What is the remainder when 21032 is divided by 81?
53
What is the remainder when 18293292 is divided by 315?
297
Calculate the remainder when 566008 is divided by 33.
25
What is the remainder when 15590269 is divided by 1984?
1981
What is the remainder when 7217661 is divided by 111?
108
Calculate the remainder when 44711890 is divided by 816.
802
What is the remainder when 188045339 is divided by 3340?
3339
What is the remainder when 15211846 is divided by 419?
51
What is the remainder when 67986978 is divided by 116?
74
Calculate the remainder when 42765187 is divided by 55.
47
What is the remainder when 557930 is divided by 185960?
50
Calculate the remainder when 50371 is divided by 1787.
335
Calculate the remainder when 508918 is divided by 28.
18
Calculate the remainder when 5321918 is divided by 1764.
1694
Calculate the remainder when 185999 is divided by 24749.
12756
Calculate the remainder when 2007891 is divided by 334627.
129
What is the remainder when 75625205 is divided by 4317?
4316
Calculate the remainder when 25015802 is divided by 306.
302
Calculate the remainder when 77111996 is divided by 3825.
3821
What is the remainder when 39037 is divided by 38416?
621
Calculate the remainder when 467456 is divided by 23.
4
What is the remainder when 1529687 is divided by 3549?
68
What is the remainder when 8790298 is divided by 377?
166
Calculate the remainder when 5660476 is divided by 942.
940
Calculate the remainder when 45702 is divided by 5631.
654
Calculate the remainder when 207122 is divided by 7344.
1490
What is the remainder when 3648988 is divided by 2050?
2038
Calculate the remainder when 156364687 is divided by 2308.
2303
What is the remainder when 25822373 is divided by 6292?
5
Calculate the remainder when 118757 is divided by 59362.
33
Calculate the remainder when 2008112 is divided by 3038.
3032
What is the remainder when 30510791 is divided by 7627693?
19
Calculate the remainder when 1200063 is divided by 4898.
53
What is the remainder when 207143 is divided by 5179?
5162
What is the remainder when 3558287 is divided by 185?
182
Calculate the remainder when 563347 is divided by 32.
19
Calculate the remainder when 1441642 is divided by 2120.
42
What is the remainder when 199020 is divided by 1990?
20
Calculate the remainder when 309491 is divided by 1887.
23
What is the remainder when 1954096 is divided by 1213?
1166
Calculate the remainder when 45035998 is divided by 2025.
2023
Calculate the remainder when 18159 is divided by 2134.
1087
What is the remainder when 71514790 is divided by 28767?
28
What is the remainder when 449586 is divided by 449215?
371
What is the remainder when 275641 is divided by 21895?
12901
What is the remainder when 32701 is divided by 377?
279
Calculate the remainder when 195183 is divided by 105.
93
Calculate the remainder when 820596 is divided by 4689.
21
What is the remainder when 3463626 is divided by 386?
48
What is the remainder when 6454562 is divided by 220?
202
What is the remainder when 928233 is divided by 89?
52
Calculate the remainder when 119480 is divided by 4104.
464
Calculate the remainder when 633675 is divided by 70407.
12
What is the remainder when 49204613 is divided by 14180?
13
Calculate the remainder when 874424 is divided by 67151.
1461
What is the remainder when 1521469 is divided by 23?
19
Calculate the remainder when 787465 is divided by 262323.
496
What is the remainder when 61331 is divided by 18543?
5702
What is the remainder when 423372778 is divided by 6?
4
Calculate the remainder when 4949338 is divided by 15.
13
Calculate the remainder when 733572 is divided by 146683.
157
Calculate the remainder when 18633 is divided by 6195.
48
What is the remainder when 113927289 is divided by 16275324?
21
What is the remainder when 816657 is divided by 573?
132
Calculate the remainder when 113882 is divided by 113244.
638
Calculate the remainder when 70884909 is divided by 8364.
9
What is the remainder when 357745 is divided by 18?
13
What is the remainder when 2436017 is divided by 7144?
7057
Calculate the remainder when 450998 is divided by 5044.
2082
Calculate the remainder when 34291247 is divided by 33.
23
Calculate the remainder when 527302 is divided by 184.
142
Calculate the remainder when 961822 is divided by 1143.
559
Calculate the remainder when 22556 is divided by 1072.
44
Calculate the remainder when 2650963 is divided by 19.
7
Calculate the remainder when 211465 is divided by 71.
27
Calculate the remainder when 27999 is divided by 38.
31
What is the remainder when 836746 is divided by 418312?
122
What is the remainder when 639717 is divided by 1829?
1396
Calculate the remainder when 3660155 is divided by 3660151.
4
What is the remainder when 2043402 is divided by 681059?
225
What is the remainder when 1406266 is divided by 702905?
456
Calculate the remainder when 47383031 is divided by 103231.
2
Calculate the remainder when 401224 is divided by 50.
24
What is the remainder when 3343308 is divided by 10?
8
What is the remainder when 11654431 is divided by 2008?
2007
What is the remainder when 9013077 is divided by 3004333?
78
What is the remainder when 438731969 is divided by 107217?
5
What is the remainder when 33903025 is divided by 4843285?
30
What is the remainder when 2630343 is divided by 480?
423
What is the remainder when 179013673 is divided by 1186?
19
Calculate the remainder when 1343426739 is divided by 22.
17
Calculate the remainder when 21928 is divided by 9556.
2816
Calculate the remainder when 411906 is divided by 24227.
47
What is the remainder when 1387359 is divided by 46245?
9
What is the remainder when 28507526 is divided by 3750?
26
What is the remainder when 401720 is divided by 1673?
200
What is the remainder when 190819991 is divided by 95409993?
5
Calculate the remainder when 33689 is divided by 14.
5
Calculate the remainder when 13168453 is divided by 823028.
5
What is the remainder when 248906 is divided by 22617?
119
Calculate the remainder when 13927892 is divided by 918.
914
Calculate the remainder when 29045 is divided by 3140.
785
Calculate the remainder when 9037892 is divided by 2333.
2183
What is the remainder when 1433664 is divided by 1661?
221
Calculate the remainder when 17646385 is divided by 5184.
49
Calculate the remainder when 11479668 is divided by 33.
24
What is the remainder when 11283503 is divided by 16?
15
What is the remainder when 927463 is divided by 154553?
145
What is the remainder when 11408916 is divided by 19569?
189
What is the remainder when 7286034 is divided by 547?
541
What is the remainder when 328378 is divided by 2424?
1138
What is the remainder when 16836170 is divided by 80172?
50
Calculate the remainder when 6893971 is divided by 277.
272
What is the remainder when 26183009 is divided by 935107?
13
Calculate the remainder when 5412970 is divided by 360.
10
Calculate the remainder when 8716 is divided by 312.
292
Calculate the remainder when 107611423 is divided by 79.
72
What is the remainder when 112542 is divided by 114?
24
What is the remainder when 28362101 is divided by 28362086?
15
What is the remainder when 3301483 is divided by 817?
803
Calculate the remainder when 5532036 is divided by 4147.
4085
Calculate the remainder when 4677994 is divided by 3604.
2
Calculate the remainder when 20942961 is divided by 82.
79
What is the remaind